{"id":683,"date":"2021-08-20T09:57:52","date_gmt":"2021-08-20T07:57:52","guid":{"rendered":"http:\/\/van-conversion-icor.com\/trittstufen-und-trittschutzabdeckungen\/"},"modified":"2023-08-02T10:16:29","modified_gmt":"2023-08-02T08:16:29","slug":"trittstufen-und-trittschutzabdeckungen","status":"publish","type":"page","link":"https:\/\/van-conversion-icor.com\/de\/trittstufen-und-trittschutzabdeckungen\/","title":{"rendered":"Trittstufen und trittschutzabdeckungen"},"content":{"rendered":"\n<div class=\"wp-block-columns is-layout-flex wp-container-core-columns-is-layout-9d6595d7 wp-block-columns-is-layout-flex\">\n<div class=\"wp-block-column is-layout-flow wp-block-column-is-layout-flow\">\n<h2 class=\"wp-block-heading has-text-align-center has-vivid-cyan-blue-color has-text-color\"><strong>8579SXHVRD<\/strong><\/h2>\n\n\n\n<p class=\"has-text-align-center has-normal-font-size\">110 x 21cm<\/p>\n\n\n<div class=\"wp-block-image is-style-default\">\n<figure class=\"aligncenter size-full\"><img fetchpriority=\"high\" decoding=\"async\" width=\"860\" height=\"310\" src=\"http:\/\/van-conversion-icor.com\/wp-content\/uploads\/2021\/08\/G1339.jpg\" alt=\"8579SXHVRD\" class=\"wp-image-628\" srcset=\"https:\/\/van-conversion-icor.com\/wp-content\/uploads\/2021\/08\/G1339.jpg 860w, https:\/\/van-conversion-icor.com\/wp-content\/uploads\/2021\/08\/G1339-300x108.jpg 300w, https:\/\/van-conversion-icor.com\/wp-content\/uploads\/2021\/08\/G1339-768x277.jpg 768w\" sizes=\"(max-width: 860px) 100vw, 860px\" \/><\/figure>\n<\/div>\n\n\n<p class=\"has-normal-font-size\">8579SXHVRD ABS Schwarze und hochwertge Tritstufe f\u00fcr den Seiteneingang (passend f\u00fcr die linke und rechte Seite) des VW Transporters T5 und T6. Diese Tritstufenabdeckung ist f\u00fcr extra hohe Stufen mit 85mm H\u00f6he gedacht, sie ist ohne Beleuchtung und eignet sich perfekt f\u00fcr den Umbau von Transportern zu Campern (Diese Tritstufenabdeckung ist nicht kombinierbar mit der 100mmStufenh\u00f6he, in Kombinaton mit Sitzbankschienen)<\/p>\n<\/div>\n\n\n\n<div class=\"wp-block-column is-layout-flow wp-block-column-is-layout-flow\">\n<h2 class=\"wp-block-heading has-text-align-center has-vivid-cyan-blue-color has-text-color\">8579BXHV<\/h2>\n\n\n\n<p class=\"has-text-align-center has-normal-font-size\">126 x 15,5cm<\/p>\n\n\n<div class=\"wp-block-image is-style-rounded\">\n<figure class=\"aligncenter size-full\"><img decoding=\"async\" width=\"860\" height=\"310\" src=\"http:\/\/van-conversion-icor.com\/wp-content\/uploads\/2021\/08\/G1338.jpg\" alt=\"8579BXHV\" class=\"wp-image-633\" srcset=\"https:\/\/van-conversion-icor.com\/wp-content\/uploads\/2021\/08\/G1338.jpg 860w, https:\/\/van-conversion-icor.com\/wp-content\/uploads\/2021\/08\/G1338-300x108.jpg 300w, https:\/\/van-conversion-icor.com\/wp-content\/uploads\/2021\/08\/G1338-768x277.jpg 768w\" sizes=\"(max-width: 860px) 100vw, 860px\" \/><\/figure>\n<\/div>\n\n\n<p class=\"has-normal-font-size\">8579BXHV ABS Schwarze und hochwertge Tritschutzabdeckung f\u00fcr den Heckschwellenbereich des VW Transporters T5 und T6 mit Doppelheckt\u00fcren, extralang und tef, inkl. Abdeckkappen f\u00fcr die Schraubenaussparungen.<\/p>\n<\/div>\n\n\n\n<div class=\"wp-block-column is-layout-flow wp-block-column-is-layout-flow\">\n<h2 class=\"wp-block-heading has-text-align-center has-vivid-cyan-blue-color has-text-color\">8579BXHV1H<\/h2>\n\n\n\n<p class=\"has-text-align-center has-normal-font-size\">126 x15,5cm<\/p>\n\n\n\n<figure class=\"wp-block-image size-full is-style-rounded\"><img decoding=\"async\" width=\"808\" height=\"294\" src=\"http:\/\/van-conversion-icor.com\/wp-content\/uploads\/2021\/08\/G1337.jpg\" alt=\"8579BXHV1H\" class=\"wp-image-638\" srcset=\"https:\/\/van-conversion-icor.com\/wp-content\/uploads\/2021\/08\/G1337.jpg 808w, https:\/\/van-conversion-icor.com\/wp-content\/uploads\/2021\/08\/G1337-300x109.jpg 300w, https:\/\/van-conversion-icor.com\/wp-content\/uploads\/2021\/08\/G1337-768x279.jpg 768w\" sizes=\"(max-width: 808px) 100vw, 808px\" \/><\/figure>\n\n\n\n<p class=\"has-normal-font-size\">8579BXHV1H ABS Schwarze und hochwertge Tritschutzabdeckung f\u00fcr den Heckschwellenbereich des VW Transporters T5 und T6 mit Heckklappe, extra lang und tef, inkl. Abdeckkappen f\u00fcr die Schraubenl\u00f6cher.<\/p>\n<\/div>\n<\/div>\n\n\n<div class=\"wp-block-image is-style-default\">\n<figure class=\"aligncenter size-full is-resized\"><img loading=\"lazy\" decoding=\"async\" src=\"http:\/\/van-conversion-icor.com\/wp-content\/uploads\/2021\/08\/4.jpg\" alt=\"\" class=\"wp-image-623\" width=\"841\" height=\"547\" srcset=\"https:\/\/van-conversion-icor.com\/wp-content\/uploads\/2021\/08\/4.jpg 747w, https:\/\/van-conversion-icor.com\/wp-content\/uploads\/2021\/08\/4-300x195.jpg 300w\" sizes=\"(max-width: 841px) 100vw, 841px\" \/><\/figure>\n<\/div>","protected":false},"excerpt":{"rendered":"<p>8579SXHVRD 110 x 21cm 8579SXHVRD ABS Schwarze und hochwertge Tritstufe f\u00fcr den Seiteneingang (passend f\u00fcr die linke und rechte Seite) des VW Transporters T5 und T6. Diese Tritstufenabdeckung ist f\u00fcr extra hohe Stufen mit 85mm H\u00f6he gedacht, sie ist ohne Beleuchtung und eignet sich perfekt f\u00fcr den Umbau von Transportern zu Campern (Diese Tritstufenabdeckung ist&hellip;&nbsp;<a href=\"https:\/\/van-conversion-icor.com\/de\/trittstufen-und-trittschutzabdeckungen\/\" class=\"\" rel=\"bookmark\">Weiterlesen &raquo;<span class=\"screen-reader-text\">Trittstufen und trittschutzabdeckungen<\/span><\/a><\/p>\n","protected":false},"author":1,"featured_media":0,"parent":0,"menu_order":0,"comment_status":"closed","ping_status":"closed","template":"","meta":{"neve_meta_sidebar":"","neve_meta_container":"","neve_meta_enable_content_width":"","neve_meta_content_width":0,"neve_meta_title_alignment":"","neve_meta_author_avatar":"","neve_post_elements_order":"","neve_meta_disable_header":"","neve_meta_disable_footer":"","neve_meta_disable_title":"","footnotes":""},"class_list":["post-683","page","type-page","status-publish","hentry"],"_links":{"self":[{"href":"https:\/\/van-conversion-icor.com\/de\/wp-json\/wp\/v2\/pages\/683","targetHints":{"allow":["GET"]}}],"collection":[{"href":"https:\/\/van-conversion-icor.com\/de\/wp-json\/wp\/v2\/pages"}],"about":[{"href":"https:\/\/van-conversion-icor.com\/de\/wp-json\/wp\/v2\/types\/page"}],"author":[{"embeddable":true,"href":"https:\/\/van-conversion-icor.com\/de\/wp-json\/wp\/v2\/users\/1"}],"replies":[{"embeddable":true,"href":"https:\/\/van-conversion-icor.com\/de\/wp-json\/wp\/v2\/comments?post=683"}],"version-history":[{"count":0,"href":"https:\/\/van-conversion-icor.com\/de\/wp-json\/wp\/v2\/pages\/683\/revisions"}],"wp:attachment":[{"href":"https:\/\/van-conversion-icor.com\/de\/wp-json\/wp\/v2\/media?parent=683"}],"curies":[{"name":"wp","href":"https:\/\/api.w.org\/{rel}","templated":true}]}}

<div class="wp-block-columns is-layout-flex wp-container-core-columns-is-layout-9d6595d7 wp-block-columns-is-layout-flex">
<div class="wp-block-column is-layout-flow wp-block-column-is-layout-flow">
<h2 class="wp-block-heading has-text-align-center has-vivid-cyan-blue-color has-text-color"><strong>8579SXHVRD</strong></h2>



<p class="has-text-align-center has-normal-font-size">110 x 21cm</p>


<div class="wp-block-image is-style-default">
<figure class="aligncenter size-full"><img fetchpriority="high" decoding="async" width="860" height="310" src="http://van-conversion-icor.com/wp-content/uploads/2021/08/G1339.jpg" alt="8579SXHVRD" class="wp-image-628" srcset="https://van-conversion-icor.com/wp-content/uploads/2021/08/G1339.jpg 860w, https://van-conversion-icor.com/wp-content/uploads/2021/08/G1339-300x108.jpg 300w, https://van-conversion-icor.com/wp-content/uploads/2021/08/G1339-768x277.jpg 768w" sizes="(max-width: 860px) 100vw, 860px" /></figure>
</div>


<p class="has-normal-font-size">8579SXHVRD ABS Schwarze und hochwertge Tritstufe für den Seiteneingang (passend für die linke und rechte Seite) des VW Transporters T5 und T6. Diese Tritstufenabdeckung ist für extra hohe Stufen mit 85mm Höhe gedacht, sie ist ohne Beleuchtung und eignet sich perfekt für den Umbau von Transportern zu Campern (Diese Tritstufenabdeckung ist nicht kombinierbar mit der 100mmStufenhöhe, in Kombinaton mit Sitzbankschienen)</p>
</div>



<div class="wp-block-column is-layout-flow wp-block-column-is-layout-flow">
<h2 class="wp-block-heading has-text-align-center has-vivid-cyan-blue-color has-text-color">8579BXHV</h2>



<p class="has-text-align-center has-normal-font-size">126 x 15,5cm</p>


<div class="wp-block-image is-style-rounded">
<figure class="aligncenter size-full"><img decoding="async" width="860" height="310" src="http://van-conversion-icor.com/wp-content/uploads/2021/08/G1338.jpg" alt="8579BXHV" class="wp-image-633" srcset="https://van-conversion-icor.com/wp-content/uploads/2021/08/G1338.jpg 860w, https://van-conversion-icor.com/wp-content/uploads/2021/08/G1338-300x108.jpg 300w, https://van-conversion-icor.com/wp-content/uploads/2021/08/G1338-768x277.jpg 768w" sizes="(max-width: 860px) 100vw, 860px" /></figure>
</div>


<p class="has-normal-font-size">8579BXHV ABS Schwarze und hochwertge Tritschutzabdeckung für den Heckschwellenbereich des VW Transporters T5 und T6 mit Doppelhecktüren, extralang und tef, inkl. Abdeckkappen für die Schraubenaussparungen.</p>
</div>



<div class="wp-block-column is-layout-flow wp-block-column-is-layout-flow">
<h2 class="wp-block-heading has-text-align-center has-vivid-cyan-blue-color has-text-color">8579BXHV1H</h2>



<p class="has-text-align-center has-normal-font-size">126 x15,5cm</p>



<figure class="wp-block-image size-full is-style-rounded"><img decoding="async" width="808" height="294" src="http://van-conversion-icor.com/wp-content/uploads/2021/08/G1337.jpg" alt="8579BXHV1H" class="wp-image-638" srcset="https://van-conversion-icor.com/wp-content/uploads/2021/08/G1337.jpg 808w, https://van-conversion-icor.com/wp-content/uploads/2021/08/G1337-300x109.jpg 300w, https://van-conversion-icor.com/wp-content/uploads/2021/08/G1337-768x279.jpg 768w" sizes="(max-width: 808px) 100vw, 808px" /></figure>



<p class="has-normal-font-size">8579BXHV1H ABS Schwarze und hochwertge Tritschutzabdeckung für den Heckschwellenbereich des VW Transporters T5 und T6 mit Heckklappe, extra lang und tef, inkl. Abdeckkappen für die Schraubenlöcher.</p>
</div>
</div>


<div class="wp-block-image is-style-default">
<figure class="aligncenter size-full is-resized"><img loading="lazy" decoding="async" src="http://van-conversion-icor.com/wp-content/uploads/2021/08/4.jpg" alt="" class="wp-image-623" width="841" height="547" srcset="https://van-conversion-icor.com/wp-content/uploads/2021/08/4.jpg 747w, https://van-conversion-icor.com/wp-content/uploads/2021/08/4-300x195.jpg 300w" sizes="(max-width: 841px) 100vw, 841px" /></figure>
</div>

<p>8579SXHVRD 110 x 21cm 8579SXHVRD ABS Schwarze und hochwertge Tritstufe für den Seiteneingang (passend für die linke und rechte Seite) des VW Transporters T5 und T6. Diese Tritstufenabdeckung ist für extra hohe Stufen mit 85mm Höhe gedacht, sie ist ohne Beleuchtung und eignet sich perfekt für den Umbau von Transportern zu Campern (Diese Tritstufenabdeckung ist&hellip;&nbsp;<a href="https://van-conversion-icor.com/de/trittstufen-und-trittschutzabdeckungen/" class="" rel="bookmark">Weiterlesen &raquo;<span class="screen-reader-text">Trittstufen und trittschutzabdeckungen</span></a></p>
