{"id":880,"date":"2021-08-23T14:46:36","date_gmt":"2021-08-23T12:46:36","guid":{"rendered":"https:\/\/van-conversion-icor.com\/marches-et-couvre-seuil\/"},"modified":"2021-08-23T14:46:40","modified_gmt":"2021-08-23T12:46:40","slug":"marches-et-couvre-seuil","status":"publish","type":"page","link":"https:\/\/van-conversion-icor.com\/fr\/marches-et-couvre-seuil\/","title":{"rendered":"MARCHES ET COUVRE-SEUIL"},"content":{"rendered":"\n<div class=\"wp-block-columns is-layout-flex wp-container-core-columns-is-layout-9d6595d7 wp-block-columns-is-layout-flex\">\n<div class=\"wp-block-column is-layout-flow wp-block-column-is-layout-flow\">\n<h2 class=\"has-text-align-center has-vivid-cyan-blue-color has-text-color wp-block-heading\"><strong>8579SXHVRD<\/strong><\/h2>\n\n\n\n<p class=\"has-text-align-center has-normal-font-size\">110 x 21cm<\/p>\n\n\n\n<div class=\"wp-block-image is-style-default\"><figure class=\"aligncenter size-full\"><img fetchpriority=\"high\" decoding=\"async\" width=\"860\" height=\"310\" src=\"http:\/\/van-conversion-icor.com\/wp-content\/uploads\/2021\/08\/G1339.jpg\" alt=\"8579SXHVRD\" class=\"wp-image-627\" srcset=\"https:\/\/van-conversion-icor.com\/wp-content\/uploads\/2021\/08\/G1339.jpg 860w, https:\/\/van-conversion-icor.com\/wp-content\/uploads\/2021\/08\/G1339-300x108.jpg 300w, https:\/\/van-conversion-icor.com\/wp-content\/uploads\/2021\/08\/G1339-768x277.jpg 768w\" sizes=\"(max-width: 860px) 100vw, 860px\" \/><\/figure><\/div>\n\n\n\n<p class=\"has-normal-font-size\">8579SXHVRDABS Seuil de chargement lat\u00e9ral noir de haute qualit\u00e9 (convient pour le c\u00f4t\u00e9 gauche et droit) pour le VW Transporter T5 et T6. Ce seuil est destin\u00e9 \u00e0 la marche extra profonde de 85 mm sans lumi\u00e8re, il fonctionne pour convertir les fourgons en camping-cars. (Cette marche ne s\u2019adapte pas \u00e0 la place de la marche de 100 mm, en combinaison avec les rails de si\u00e8ge coulissants)<\/p>\n<\/div>\n\n\n\n<div class=\"wp-block-column is-layout-flow wp-block-column-is-layout-flow\">\n<h2 class=\"has-text-align-center has-vivid-cyan-blue-color has-text-color wp-block-heading\">8579BXHV<\/h2>\n\n\n\n<p class=\"has-text-align-center has-normal-font-size\">126 x 15,5cm<\/p>\n\n\n\n<div class=\"wp-block-image is-style-rounded\"><figure class=\"aligncenter size-full\"><img decoding=\"async\" width=\"860\" height=\"310\" src=\"http:\/\/van-conversion-icor.com\/wp-content\/uploads\/2021\/08\/G1338.jpg\" alt=\"8579BXHV\" class=\"wp-image-632\" srcset=\"https:\/\/van-conversion-icor.com\/wp-content\/uploads\/2021\/08\/G1338.jpg 860w, https:\/\/van-conversion-icor.com\/wp-content\/uploads\/2021\/08\/G1338-300x108.jpg 300w, https:\/\/van-conversion-icor.com\/wp-content\/uploads\/2021\/08\/G1338-768x277.jpg 768w\" sizes=\"(max-width: 860px) 100vw, 860px\" \/><\/figure><\/div>\n\n\n\n<p class=\"has-normal-font-size\">8579BXHV ABS Marchepied de seuil arri\u00e8re noir de haute qualit\u00e9 pour VW Transporter T5 et T6 avec portes rabattables (portes de grange), extra-long et profond, comprend les bouchons pour les trous de vis.<\/p>\n<\/div>\n\n\n\n<div class=\"wp-block-column is-layout-flow wp-block-column-is-layout-flow\">\n<h2 class=\"has-text-align-center has-vivid-cyan-blue-color has-text-color wp-block-heading\">8579BXHV1H<\/h2>\n\n\n\n<p class=\"has-text-align-center has-normal-font-size\">126 x15,5cm<\/p>\n\n\n\n<figure class=\"wp-block-image size-full is-style-rounded\"><img decoding=\"async\" width=\"808\" height=\"294\" src=\"http:\/\/van-conversion-icor.com\/wp-content\/uploads\/2021\/08\/G1337.jpg\" alt=\"8579BXHV1H\" class=\"wp-image-637\" srcset=\"https:\/\/van-conversion-icor.com\/wp-content\/uploads\/2021\/08\/G1337.jpg 808w, https:\/\/van-conversion-icor.com\/wp-content\/uploads\/2021\/08\/G1337-300x109.jpg 300w, https:\/\/van-conversion-icor.com\/wp-content\/uploads\/2021\/08\/G1337-768x279.jpg 768w\" sizes=\"(max-width: 808px) 100vw, 808px\" \/><\/figure>\n\n\n<p class=\"has-normal-font-size\">8579BXHV1H ABS Marchepied de seuil arri\u00e8re noir de haute qualit\u00e9 pour VW Transporter T5 et T6 avec hayon, extra-long et profond, comprend les bouchons pour les trous de vis.<\/p>\n<\/div>\n<\/div>\n\n<div class=\"wp-block-image is-style-default\"><figure class=\"aligncenter size-full is-resized\"><img loading=\"lazy\" decoding=\"async\" src=\"http:\/\/van-conversion-icor.com\/wp-content\/uploads\/2021\/08\/4.jpg\" alt=\"\" class=\"wp-image-622\" width=\"841\" height=\"547\" srcset=\"https:\/\/van-conversion-icor.com\/wp-content\/uploads\/2021\/08\/4.jpg 747w, https:\/\/van-conversion-icor.com\/wp-content\/uploads\/2021\/08\/4-300x195.jpg 300w\" sizes=\"(max-width: 841px) 100vw, 841px\" \/><\/figure><\/div>\n","protected":false},"excerpt":{"rendered":"<p>8579SXHVRD 110 x 21cm 8579SXHVRDABS Seuil de chargement lat\u00e9ral noir de haute qualit\u00e9 (convient pour le c\u00f4t\u00e9 gauche et droit) pour le VW Transporter T5 et T6. Ce seuil est destin\u00e9 \u00e0 la marche extra profonde de 85 mm sans lumi\u00e8re, il fonctionne pour convertir les fourgons en camping-cars. (Cette marche ne s\u2019adapte pas \u00e0&hellip;&nbsp;<a href=\"https:\/\/van-conversion-icor.com\/fr\/marches-et-couvre-seuil\/\" class=\"\" rel=\"bookmark\">Lire la suite &raquo;<span class=\"screen-reader-text\">MARCHES ET COUVRE-SEUIL<\/span><\/a><\/p>\n","protected":false},"author":1,"featured_media":0,"parent":0,"menu_order":0,"comment_status":"closed","ping_status":"closed","template":"","meta":{"neve_meta_sidebar":"","neve_meta_container":"","neve_meta_enable_content_width":"","neve_meta_content_width":0,"neve_meta_title_alignment":"","neve_meta_author_avatar":"","neve_post_elements_order":"","neve_meta_disable_header":"","neve_meta_disable_footer":"","neve_meta_disable_title":"","footnotes":""},"class_list":["post-880","page","type-page","status-publish","hentry"],"_links":{"self":[{"href":"https:\/\/van-conversion-icor.com\/fr\/wp-json\/wp\/v2\/pages\/880","targetHints":{"allow":["GET"]}}],"collection":[{"href":"https:\/\/van-conversion-icor.com\/fr\/wp-json\/wp\/v2\/pages"}],"about":[{"href":"https:\/\/van-conversion-icor.com\/fr\/wp-json\/wp\/v2\/types\/page"}],"author":[{"embeddable":true,"href":"https:\/\/van-conversion-icor.com\/fr\/wp-json\/wp\/v2\/users\/1"}],"replies":[{"embeddable":true,"href":"https:\/\/van-conversion-icor.com\/fr\/wp-json\/wp\/v2\/comments?post=880"}],"version-history":[{"count":0,"href":"https:\/\/van-conversion-icor.com\/fr\/wp-json\/wp\/v2\/pages\/880\/revisions"}],"wp:attachment":[{"href":"https:\/\/van-conversion-icor.com\/fr\/wp-json\/wp\/v2\/media?parent=880"}],"curies":[{"name":"wp","href":"https:\/\/api.w.org\/{rel}","templated":true}]}}

<div class="wp-block-columns is-layout-flex wp-container-core-columns-is-layout-9d6595d7 wp-block-columns-is-layout-flex">
<div class="wp-block-column is-layout-flow wp-block-column-is-layout-flow">
<h2 class="has-text-align-center has-vivid-cyan-blue-color has-text-color wp-block-heading"><strong>8579SXHVRD</strong></h2>



<p class="has-text-align-center has-normal-font-size">110 x 21cm</p>



<div class="wp-block-image is-style-default"><figure class="aligncenter size-full"><img fetchpriority="high" decoding="async" width="860" height="310" src="http://van-conversion-icor.com/wp-content/uploads/2021/08/G1339.jpg" alt="8579SXHVRD" class="wp-image-627" srcset="https://van-conversion-icor.com/wp-content/uploads/2021/08/G1339.jpg 860w, https://van-conversion-icor.com/wp-content/uploads/2021/08/G1339-300x108.jpg 300w, https://van-conversion-icor.com/wp-content/uploads/2021/08/G1339-768x277.jpg 768w" sizes="(max-width: 860px) 100vw, 860px" /></figure></div>



<p class="has-normal-font-size">8579SXHVRDABS Seuil de chargement latéral noir de haute qualité (convient pour le côté gauche et droit) pour le VW Transporter T5 et T6. Ce seuil est destiné à la marche extra profonde de 85 mm sans lumière, il fonctionne pour convertir les fourgons en camping-cars. (Cette marche ne s’adapte pas à la place de la marche de 100 mm, en combinaison avec les rails de siège coulissants)</p>
</div>



<div class="wp-block-column is-layout-flow wp-block-column-is-layout-flow">
<h2 class="has-text-align-center has-vivid-cyan-blue-color has-text-color wp-block-heading">8579BXHV</h2>



<p class="has-text-align-center has-normal-font-size">126 x 15,5cm</p>



<div class="wp-block-image is-style-rounded"><figure class="aligncenter size-full"><img decoding="async" width="860" height="310" src="http://van-conversion-icor.com/wp-content/uploads/2021/08/G1338.jpg" alt="8579BXHV" class="wp-image-632" srcset="https://van-conversion-icor.com/wp-content/uploads/2021/08/G1338.jpg 860w, https://van-conversion-icor.com/wp-content/uploads/2021/08/G1338-300x108.jpg 300w, https://van-conversion-icor.com/wp-content/uploads/2021/08/G1338-768x277.jpg 768w" sizes="(max-width: 860px) 100vw, 860px" /></figure></div>



<p class="has-normal-font-size">8579BXHV ABS Marchepied de seuil arrière noir de haute qualité pour VW Transporter T5 et T6 avec portes rabattables (portes de grange), extra-long et profond, comprend les bouchons pour les trous de vis.</p>
</div>



<div class="wp-block-column is-layout-flow wp-block-column-is-layout-flow">
<h2 class="has-text-align-center has-vivid-cyan-blue-color has-text-color wp-block-heading">8579BXHV1H</h2>



<p class="has-text-align-center has-normal-font-size">126 x15,5cm</p>



<figure class="wp-block-image size-full is-style-rounded"><img decoding="async" width="808" height="294" src="http://van-conversion-icor.com/wp-content/uploads/2021/08/G1337.jpg" alt="8579BXHV1H" class="wp-image-637" srcset="https://van-conversion-icor.com/wp-content/uploads/2021/08/G1337.jpg 808w, https://van-conversion-icor.com/wp-content/uploads/2021/08/G1337-300x109.jpg 300w, https://van-conversion-icor.com/wp-content/uploads/2021/08/G1337-768x279.jpg 768w" sizes="(max-width: 808px) 100vw, 808px" /></figure>


<p class="has-normal-font-size">8579BXHV1H ABS Marchepied de seuil arrière noir de haute qualité pour VW Transporter T5 et T6 avec hayon, extra-long et profond, comprend les bouchons pour les trous de vis.</p>
</div>
</div>

<div class="wp-block-image is-style-default"><figure class="aligncenter size-full is-resized"><img loading="lazy" decoding="async" src="http://van-conversion-icor.com/wp-content/uploads/2021/08/4.jpg" alt="" class="wp-image-622" width="841" height="547" srcset="https://van-conversion-icor.com/wp-content/uploads/2021/08/4.jpg 747w, https://van-conversion-icor.com/wp-content/uploads/2021/08/4-300x195.jpg 300w" sizes="(max-width: 841px) 100vw, 841px" /></figure></div>

<p>8579SXHVRD 110 x 21cm 8579SXHVRDABS Seuil de chargement latéral noir de haute qualité (convient pour le côté gauche et droit) pour le VW Transporter T5 et T6. Ce seuil est destiné à la marche extra profonde de 85 mm sans lumière, il fonctionne pour convertir les fourgons en camping-cars. (Cette marche ne s’adapte pas à&hellip;&nbsp;<a href="https://van-conversion-icor.com/fr/marches-et-couvre-seuil/" class="" rel="bookmark">Lire la suite &raquo;<span class="screen-reader-text">MARCHES ET COUVRE-SEUIL</span></a></p>
